ided by 180.
109
What is the remainder when 2243108 is divided by 2243079?
29
What is the remainder when 305723 is divided by 106?
19
Calculate the remainder when 1473793 is divided by 294641.
588
What is the remainder when 23093 is divided by 2564?
17
What is the remainder when 647313 is divided by 215577?
582
What is the remainder when 2410416 is divided by 344329?
113
What is the remainder when 19065279 is divided by 351?
12
Calculate the remainder when 70190388 is divided by 2966.
2964
What is the remainder when 3060702 is divided by 204044?
42
What is the remainder when 16056136 is divided by 704?
8
Calculate the remainder when 6317828 is divided by 146.
116
Calculate the remainder when 4322349 is divided by 102912.
45
What is the remainder when 6296359 is divided by 527?
290
Calculate the remainder when 11430331 is divided by 248482.
159
What is the remainder when 32703150 is divided by 16?
14
What is the remainder when 36382 is divided by 770?
192
What is the remainder when 583847 is divided by 1501?
1459
Calculate the remainder when 154712 is divided by 43.
41
What is the remainder when 519395 is divided by 129839?
39
Calculate the remainder when 81711026 is divided by 49.
47
What is the remainder when 9080187 is divided by 49?
46
Calculate the remainder when 126269 is divided by 15770.
109
What is the remainder when 77795 is divided by 77499?
296
Calculate the remainder when 1216639 is divided by 39221.
788
Calculate the remainder when 1034630 is divided by 3316.
38
Calculate the remainder when 1208180 is divided by 401922.
2414
What is the remainder when 5415 is divided by 120?
15
What is the remainder when 34426 is divided by 4921?
4900
What is the remainder when 29802639 is divided by 40?
39
Calculate the remainder when 12998876 is divided by 166652.
20
What is the remainder when 193422 is divided by 346?
8
What is the remainder when 239018 is divided by 39817?
116
Calculate the remainder when 51164 is divided by 2406.
638
Calculate the remainder when 258496 is divided by 2003.
109
Calculate the remainder when 6971682 is divided by 8544.
8322
What is the remainder when 35897 is divided by 1877?
234
Calculate the remainder when 20085 is divided by 9991.
103
What is the remainder when 96141583 is divided by 8530?
8483
Calculate the remainder when 90108 is divided by 2153.
1835
What is the remainder when 4383202 is divided by 461?
14
What is the remainder when 46035 is divided by 15327?
54
Calculate the remainder when 88800277 is divided by 10.
7
What is the remainder when 75153027 is divided by 5965?
5957
What is the remainder when 200679155 is divided by 19?
15
Calculate the remainder when 286712 is divided by 87.
47
What is the remainder when 2184684 is divided by 44?
40
What is the remainder when 5160091 is divided by 1060?
11
What is the remainder when 76736 is divided by 18995?
756
What is the remainder when 174925 is divided by 43727?
17
Calculate the remainder when 312045 is divided by 289.
214
What is the remainder when 463599 is divided by 304?
303
What is the remainder when 173571 is divided by 6722?
5521
Calculate the remainder when 62181881 is divided by 63.
62
What is the remainder when 10951649 is divided by 225?
224
Calculate the remainder when 2813386 is divided by 180.
166
What is the remainder when 16849826 is divided by 101?
97
What is the remainder when 1000033 is divided by 199991?
78
Calculate the remainder when 19510794 is divided by 3.
0
Calculate the remainder when 242620 is divided by 24260.
20
What is the remainder when 230264 is divided by 271?
185
What is the remainder when 1584278 is divided by 1584264?
14
Calculate the remainder when 64855781 is divided by 334.
329
What is the remainder when 3169751 is divided by 7?
4
What is the remainder when 855641 is divided by 1180?
141
What is the remainder when 81749 is divided by 81662?
87
Calculate the remainder when 147098980 is divided by 479.
475
Calculate the remainder when 1980838 is divided by 9.
1
What is the remainder when 12062590 is divided by 4627?
1
What is the remainder when 154086 is divided by 188?
114
What is the remainder when 10561 is divided by 4845?
871
Calculate the remainder when 5874884 is divided by 5375.
9
What is the remainder when 114314 is divided by 38091?
41
Calculate the remainder when 65664581 is divided by 1532.
1529
What is the remainder when 25235231 is divided by 3036?
3035
Calculate the remainder when 4486641 is divided by 108.
105
What is the remainder when 10478897 is divided by 204?
29
Calculate the remainder when 363379 is divided by 181494.
391
Calculate the remainder when 12118354 is divided by 108.
106
What is the remainder when 137626000 is divided by 1380?
1360
Calculate the remainder when 7579134 is divided by 3925.
3884
What is the remainder when 245016950 is divided by 71?
68
Calculate the remainder when 398322 is divided by 79.
4
What is the remainder when 827768 is divided by 346?
136
What is the remainder when 2251118 is divided by 183?
35
Calculate the remainder when 84150 is divided by 1648.
102
Calculate the remainder when 1864732 is divided by 1125.
607
Calculate the remainder when 5987 is divided by 5945.
42
What is the remainder when 150173 is divided by 325?
23
What is the remainder when 7452 is divided by 635?
467
What is the remainder when 3487828189 is divided by 8464?
8461
Calculate the remainder when 2716702 is divided by 23623.
57
What is the remainder when 65671 is divided by 12830?
1521
What is the remainder when 1195787 is divided by 91957?
346
Calculate the remainder when 1522688 is divided by 761311.
66
What is the remainder when 664329 is divided by 706?
689
Calculate the remainder when 611877647 is divided by 138.
137
Calculate the remainder when 2440479766 is divided by 13.
10
Calculate the remainder when 42362 is divided by 5252.
346
Calculate the remainder when 120367 is divided by 5094.
3205
What is the remainder when 118362891 is divided by 514?
513
What is the remainder when 5259 is divided by 5126?
133
Calculate the remainder when 163400 is divided by 11635.
510
Calculate the remainder when 5528601 is divided by 383.
379
What is the remainder when 1948923 is divided by 376?
115
Calculate the remainder when 37059769 is divided by 88.
65
What is the remainder when 68221 is divided by 2267?
211
What is the remainder when 42015259 is divided by 5251904?
27
What is the remainder when 7764844 is divided by 2672?
12
What is the remainder when 17960090 is divided by 17960085?
5
What is the remainder when 5739 is divided by 1272?
651
What is the remainder when 7242323 is divided by 59?
14
Calculate the remainder when 76228 is divided by 4660.
1668
Calculate the remainder when 15681826 is divided by 12.
10
Calculate the remainder when 641006 is divided by 320440.
126
Calculate the remainder when 39195 is divided by 707.
310
What is the remainder when 115720 is divided by 21764?
6900
Calculate the remainder when 52081072 is divided by 72.
16
Calculate the remainder when 1000874 is divided by 131.
34
What is the remainder when 34984229 is divided by 87?
50
Calculate the remainder when 6839160 is divided by 130.
120
What is the remainder when 126349 is divided by 193?
127
Calculate the remainder when 245309 is divided by 427.
211
Calculate the remainder when 729515965 is divided by 22.
13
Calculate the remainder when 1976789 is divided by 466.
17
Calculate the remainder when 43874543 is divided by 1745.
8
Calculate the remainder when 47814 is divided by 314.
86
What is the remainder when 5158649 is divided by 210?
209
Calculate the remainder when 794989 is divided by 375.
364
What is the remainder when 121067296 is divided by 56?
0
What is the remainder when 439827 is divided by 200?
27
What is the remainder when 71529711 is divided by 17174?
1
What is the remainder when 2715666 is divided by 164?
154
Calculate the remainder when 286033590 is divided by 13620647.
3
What is the remainder when 14616584 is divided by 73?
13
What is the remainder when 1489528 is divided by 179?
69
Calculate the remainder when 157349 is divided by 52432.
53
What is the remainder when 211837 is divided by 17637?
193
What is the remainder when 11240870 is divided by 5620404?
62
Calculate the remainder when 1238252 